{"id":141,"date":"2025-08-20T15:50:02","date_gmt":"2025-08-20T13:50:02","guid":{"rendered":"https:\/\/debickaprawnik.pl\/?page_id=141"},"modified":"2026-01-06T16:00:42","modified_gmt":"2026-01-06T15:00:42","slug":"porada-prawna","status":"publish","type":"page","link":"https:\/\/debickaprawnik.pl\/?page_id=141","title":{"rendered":"Porada prawna"},"content":{"rendered":"\t\t<div data-elementor-type=\"wp-page\" data-elementor-id=\"141\" class=\"elementor elementor-141\">\n\t\t\t\t<div class=\"elementor-element elementor-element-0852162 e-grid e-con-boxed e-con e-parent\" data-id=\"0852162\" data-element_type=\"container\">\n\t\t\t\t\t<div class=\"e-con-inner\">\n\t\t\t\t<div class=\"elementor-element elementor-element-9468c26 elementor-widget elementor-widget-text-editor\" data-id=\"9468c26\" data-element_type=\"widget\" data-widget_type=\"text-editor.default\">\n\t\t\t\t\t\t\t\t\t<h3 class=\"wp-block-heading\"><strong>Masz pytanie prawne? Szukasz konkretnej odpowiedzi lub wsparcia w swoim projekcie? Trafi\u0142e\u015b idealnie.<\/strong><\/h3>\n<p><!-- \/wp:heading --><!-- wp:paragraph --><\/p>\n<p>Mo\u017cesz przyj\u015b\u0107 do mnie po <strong>jasn\u0105 i praktyczn\u0105 porad\u0119<\/strong> \u2013 online, wygodnie, bez ogranicze\u0144 czasowych. Dzi\u0119ki temu masz <strong>pe\u0142ny dost\u0119p do mojej wiedzy i do\u015bwiadczenia<\/strong>, kiedy tylko tego potrzebujesz.<\/p>\n<p><!-- \/wp:paragraph --><!-- wp:paragraph --><\/p>\n<p>Oferuj\u0119 <strong>kompleksowe wsparcie prawne w zakresie w\u0142asno\u015bci intelektualnej<\/strong>: od analizy i tworzenia um\u00f3w, przez zabezpieczenie praw, a\u017c po szybkie reagowanie w przypadku problem\u00f3w prawnych.<\/p>\n<p><!-- \/wp:paragraph --><!-- wp:paragraph --><\/p>\n<p>Moje us\u0142ugi obejmuj\u0105 prawo autorskie, prawo IT oraz zagadnienia zwi\u0105zane z nowymi technologiami, AI i digitalem.<\/p>\n<p><!-- \/wp:paragraph --><!-- wp:paragraph --><\/p>\n<p>Adresuj\u0119 je do tw\u00f3rc\u00f3w, startup\u00f3w, innowator\u00f3w, przedsi\u0119biorc\u00f3w i architekt\u00f3w \u2013 <strong>czyli do wizjoner\u00f3w<\/strong>, kt\u00f3rzy chc\u0105 skupi\u0107 si\u0119 na rozwoju, a nie na przepisach.<\/p>\n<p><!-- \/wp:paragraph --><!-- wp:paragraph --><\/p>\n<p><strong>Ty tworzysz. Ja dbam o Tw\u00f3j spok\u00f3j prawny.<\/strong> Konkretna porada trafia prosto na Twoj\u0105 skrzynk\u0119 \u2013 szybko, jasno i praktycznie.<\/p>\n<p><!-- \/wp:paragraph --><!-- wp:paragraph --><\/p>\n<p><span style=\"text-decoration: underline;\">Jak to dzia\u0142a?<\/span><\/p>\n<p><!-- \/wp:paragraph --><!-- wp:paragraph --><\/p>\n<ol>\n<li>Wype\u0142nij formularz i opisz sw\u00f3j problem lub zadaj pytanie.<\/li>\n<li><span style=\"font-size: 13px;\">Koszt pe\u0142nej, kompleksowej porady wynosi <\/span><strong style=\"font-size: 13px;\">249 z\u0142 brutto<\/strong><span style=\"font-size: 13px;\"> \u2013 otrzymasz wyczerpuj\u0105c\u0105 odpowied\u017a, kt\u00f3ra zamyka temat Twojego problemu.<\/span><\/li>\n<li><span style=\"font-size: 13px;\">Po wype\u0142nieniu formularza dokonaj wp\u0142aty na konto bankowe lub BLIKiem.<\/span><\/li>\n<li><span style=\"font-size: 13px;\">Gotow\u0105, pisemn\u0105 porad\u0119 prawn\u0105 otrzymasz na maila w ci\u0105gu 24 godzin od zaksi\u0119gowania p\u0142atno\u015bci.<\/span><\/li>\n<\/ol>\n<p><!-- \/wp:paragraph --><\/p>\t\t\t\t\t\t\t\t<\/div>\n\t\t\t\t<div class=\"elementor-element elementor-element-c367adf elementor-widget elementor-widget-shortcode\" data-id=\"c367adf\" data-element_type=\"widget\" data-widget_type=\"shortcode.default\">\n\t\t\t\t\t\t\t<div class=\"elementor-shortcode\">\n<div class=\"wpcf7 no-js\" id=\"wpcf7-f121-o1\" lang=\"pl-PL\" dir=\"ltr\" data-wpcf7-id=\"121\">\n<div class=\"screen-reader-response\"><p role=\"status\" aria-live=\"polite\" aria-atomic=\"true\"><\/p> <ul><\/ul><\/div>\n<form action=\"\/index.php?rest_route=%2Fwp%2Fv2%2Fpages%2F141#wpcf7-f121-o1\" method=\"post\" class=\"wpcf7-form init\" aria-label=\"Formularz kontaktowy\" enctype=\"multipart\/form-data\" novalidate=\"novalidate\" data-status=\"init\">\n<fieldset class=\"hidden-fields-container\"><input type=\"hidden\" name=\"_wpcf7\" value=\"121\" \/><input type=\"hidden\" name=\"_wpcf7_version\" value=\"6.1.1\" \/><input type=\"hidden\" name=\"_wpcf7_locale\" value=\"pl_PL\" \/><input type=\"hidden\" name=\"_wpcf7_unit_tag\" value=\"wpcf7-f121-o1\" \/><input type=\"hidden\" name=\"_wpcf7_container_post\" value=\"0\" \/><input type=\"hidden\" name=\"_wpcf7_posted_data_hash\" value=\"\" \/>\n<\/fieldset>\n<p>Imi\u0119 i nazwisko (wymagane)\n<\/p>\n<p><span class=\"wpcf7-form-control-wrap\" data-name=\"your-name\"><input size=\"40\" maxlength=\"400\" class=\"wpcf7-form-control wpcf7-text wpcf7-validates-as-required\" aria-required=\"true\" aria-invalid=\"false\" placeholder=\"Twoje imi\u0119 i nazwisko\" value=\"\" type=\"text\" name=\"your-name\" \/><\/span>\n<\/p>\n<p>Adres e-mail (wymagane)\n<\/p>\n<p><span class=\"wpcf7-form-control-wrap\" data-name=\"your-email\"><input size=\"40\" maxlength=\"400\" class=\"wpcf7-form-control wpcf7-email wpcf7-validates-as-required wpcf7-text wpcf7-validates-as-email\" aria-required=\"true\" aria-invalid=\"false\" placeholder=\"Tw\u00f3j e-mail\" value=\"\" type=\"email\" name=\"your-email\" \/><\/span>\n<\/p>\n<p>Temat\n<\/p>\n<p><span class=\"wpcf7-form-control-wrap\" data-name=\"your-subject\"><input size=\"40\" maxlength=\"400\" class=\"wpcf7-form-control wpcf7-text\" aria-invalid=\"false\" placeholder=\"Temat wiadomo\u015bci\" value=\"\" type=\"text\" name=\"your-subject\" \/><\/span>\n<\/p>\n<p>Wiadomo\u015b\u0107\n<\/p>\n<p><span class=\"wpcf7-form-control-wrap\" data-name=\"your-message\"><textarea cols=\"40\" rows=\"10\" maxlength=\"2000\" class=\"wpcf7-form-control wpcf7-textarea wpcf7-validates-as-required\" aria-required=\"true\" aria-invalid=\"false\" placeholder=\"Twoja wiadomo\u015b\u0107\" name=\"your-message\"><\/textarea><\/span>\n<\/p>\n<p>Za\u0142\u0105cz plik\n<\/p>\n<p><span class=\"wpcf7-form-control-wrap\" data-name=\"your-file\"><input size=\"40\" class=\"wpcf7-form-control wpcf7-file\" accept=\".pdf,.doc,.docx,.jpg,.png\" aria-invalid=\"false\" type=\"file\" name=\"your-file\" \/><\/span>\n<\/p>\n<p><span class=\"wpcf7-form-control-wrap\" data-name=\"regulamin\"><span class=\"wpcf7-form-control wpcf7-checkbox wpcf7-validates-as-required\"><span class=\"wpcf7-list-item first last\"><label><input type=\"checkbox\" name=\"regulamin[]\" value=\"O\u015bwiadczam, \u017ce zapozna\u0142am\/em si\u0119 i akceptuj\u0119 poni\u017csze:\" \/><span class=\"wpcf7-list-item-label\">O\u015bwiadczam, \u017ce zapozna\u0142am\/em si\u0119 i akceptuj\u0119 poni\u017csze:<\/span><\/label><\/span><\/span><\/span>\n<\/p>\n<p><a href=\"https:\/\/debickaprawnik.pl\/?page_id=125\" target=\"_blank\">Regulamin<\/a>,<br \/>\n<a href=\"https:\/\/debickaprawnik.pl\/?page_id=127\" target=\"_blank\">Polityk\u0119 prywatno\u015bci<\/a><br \/>\noraz <a href=\"https:\/\/debickaprawnik.pl\/?page_id=130\" target=\"_blank\">RODO<\/a>.\n<\/p>\n<p><input class=\"wpcf7-form-control wpcf7-submit has-spinner\" type=\"submit\" value=\"Wy\u015blij\" \/>\n<\/p><div class=\"wpcf7-response-output\" aria-hidden=\"true\"><\/div>\n<\/form>\n<\/div>\n<\/div>\n\t\t\t\t\t\t<\/div>\n\t\t\t\t\t<\/div>\n\t\t\t\t<\/div>\n\t\t<div class=\"elementor-element elementor-element-1bcb52c e-con-full e-flex e-con e-parent\" data-id=\"1bcb52c\" data-element_type=\"container\">\n\t\t\t\t<div class=\"elementor-element elementor-element-95ec5a7 elementor-widget elementor-widget-text-editor\" data-id=\"95ec5a7\" data-element_type=\"widget\" data-widget_type=\"text-editor.default\">\n\t\t\t\t\t\t\t\t\t<p>Numer konta do wp\u0142at: ING 94 1050 1924 1000 0091 4661 8575<br \/>lub BLIK: 725296479.<br \/>W tytule przelewu prosz\u0119 wpisa\u0107 imi\u0119 i nazwisko \u2013 jest to warunek wykonania us\u0142ugi we wskazanym czasie<\/p>\t\t\t\t\t\t\t\t<\/div>\n\t\t\t\t<\/div>\n\t\t\t\t<\/div>\n\t\t","protected":false},"excerpt":{"rendered":"<p>Masz pytanie prawne? Szukasz konkretnej odpowiedzi lub wsparcia w swoim projekcie? Trafi\u0142e\u015b idealnie. Mo\u017cesz przyj\u015b\u0107 do mnie po jasn\u0105 i praktyczn\u0105 porad\u0119 \u2013 online, wygodnie, bez ogranicze\u0144 czasowych. Dzi\u0119ki temu masz pe\u0142ny dost\u0119p do mojej wiedzy i do\u015bwiadczenia, kiedy tylko tego potrzebujesz. Oferuj\u0119 kompleksowe wsparcie prawne w zakresie w\u0142asno\u015bci intelektualnej: od analizy i tworzenia um\u00f3w,&hellip;<\/p>\n<p class=\"more-link\"><a href=\"https:\/\/debickaprawnik.pl\/?page_id=141\" class=\"themebutton2\">Read More<\/a><\/p>\n","protected":false},"author":1,"featured_media":0,"parent":0,"menu_order":0,"comment_status":"closed","ping_status":"closed","template":"","meta":{"om_disable_all_campaigns":false,"_monsterinsights_skip_tracking":false,"_monsterinsights_sitenote_active":false,"_monsterinsights_sitenote_note":"","_monsterinsights_sitenote_category":0,"footnotes":""},"categories":[],"tags":[],"class_list":["post-141","page","type-page","status-publish","hentry"],"aioseo_notices":[],"_links":{"self":[{"href":"https:\/\/debickaprawnik.pl\/index.php?rest_route=\/wp\/v2\/pages\/141","targetHints":{"allow":["GET"]}}],"collection":[{"href":"https:\/\/debickaprawnik.pl\/index.php?rest_route=\/wp\/v2\/pages"}],"about":[{"href":"https:\/\/debickaprawnik.pl\/index.php?rest_route=\/wp\/v2\/types\/page"}],"author":[{"embeddable":true,"href":"https:\/\/debickaprawnik.pl\/index.php?rest_route=\/wp\/v2\/users\/1"}],"replies":[{"embeddable":true,"href":"https:\/\/debickaprawnik.pl\/index.php?rest_route=%2Fwp%2Fv2%2Fcomments&post=141"}],"version-history":[{"count":55,"href":"https:\/\/debickaprawnik.pl\/index.php?rest_route=\/wp\/v2\/pages\/141\/revisions"}],"predecessor-version":[{"id":560,"href":"https:\/\/debickaprawnik.pl\/index.php?rest_route=\/wp\/v2\/pages\/141\/revisions\/560"}],"wp:attachment":[{"href":"https:\/\/debickaprawnik.pl\/index.php?rest_route=%2Fwp%2Fv2%2Fmedia&parent=141"}],"wp:term":[{"taxonomy":"category","embeddable":true,"href":"https:\/\/debickaprawnik.pl\/index.php?rest_route=%2Fwp%2Fv2%2Fcategories&post=141"},{"taxonomy":"post_tag","embeddable":true,"href":"https:\/\/debickaprawnik.pl\/index.php?rest_route=%2Fwp%2Fv2%2Ftags&post=141"}],"curies":[{"name":"wp","href":"https:\/\/api.w.org\/{rel}","templated":true}]}}